6. What are the prime factors of p(-11)?
23, 103
Suppose 17*m = 9*m + 64. Let p(u) = -m*u + u - 9*u + 44. List the prime factors of p(-10).
2, 3, 17
Let p(l) = 6 + 3*l + 4*l**2 - 9*l - 4*l. Let w be p(6). Suppose 9*x = 7*x + w. What are the prime factors of x?
3, 5
Let o(t) = -t**3 + 6*t**2 - 5*t + 5. Let v be o(5). Suppose -k - 3*m - 4 = 0, 5*m = -v*k + k - 16. What are the prime factors of k - -3*2 - -47?
7
What are the prime factors of (3 + 828)*(-344)/(-129)?
2, 277
Suppose -t - 3*t = -5*i - 12365, -15469 = -5*t + 2*i. What are the prime factors of t?
5, 619
Suppose -16*h + 5267 - 403 = 0. Let j = h + 65. List the prime factors of j.
3, 41
Let l(m) = m**2 + 3*m - 4. Let h be l(-3). Let z(y) = -3*y**2 + 27*y - 69. Let j be z(7). List the prime factors of -7 - j - (-1 + h).
5
Suppose -9*k = -6*k - 33. Suppose k*y + 7*y = 9342. What are the prime factors of y?
3, 173
Suppose 1411877 + 607032 + 923758 = 63*q. What are the prime factors of q?
13, 3593
Suppose 0 = -24*t + 1139 - 5027. Let q = t - -565. List the prime factors of q.
13, 31
Let u(s) = -3*s + 240. Let g be u(47). Suppose k - 3*r - 54 = 45, -g = -k - 5*r. List the prime factors of k.
3, 11
Let j(v) = 640*v**2 - 157*v - 764. What are the prime factors of j(-5)?
37, 433
Let q(g) = 104*g + 3728. What are the prime factors of q(-7)?
2, 3, 5
Let g = -2401 + 4261. List the prime factors of g.
2, 3, 5, 31
What are the prime factors of 3/(-12) - 4390430/(-440)?
2, 3, 1663
Let o(r) = -21*r + 63. Let j = -35 - -21. What are the prime factors of o(j)?
3, 7, 17
Let c = 112 + -112. Suppose 0*x + 4*f - 1000 = -4*x, 3*f - 15 = c. Suppose 1715 = 7*k + x. List the prime factors of k.
2, 3, 5, 7
Suppose -4*n + 8*n = 12. Let s(p) = -n + 3*p + 5*p + 0. List the prime factors of s(3).
3, 7
Suppose 10*m - 52810 - 124618 = -16258. What are the prime factors of m?
71, 227
Suppose -40*j + 59*j - 23052 = 5068. What are the prime factors of j?
2, 5, 37
Let s = -14290 + 14887. What are the prime factors of s?
3, 199
Let a be 2/17 + 0 + 96/51. Suppose -2*z - 9 = o, 0*z = -2*z + a. Let h(x) = 3*x**2 + 15*x + 5. What are the prime factors of h(o)?
7, 29
Let l = 58 - 56. Suppose -2*m - 5*p - 423 = -6*m, -l*m + 5*p + 209 = 0. What are the prime factors of m?
107
Let l = 36712 + -18961. What are the prime factors of l?
3, 61, 97
What are the prime factors of 41148/2 + 0 + -586 + 585?
7, 2939
Suppose -5*i - 1 = -56. Suppose -4*j - 7*n + 1608 = -i*n, -4*n - 1210 = -3*j. What are the prime factors of j?
2, 199
Let p(h) = 41*h**3 + 14*h**2 - 6*h - 26. Let v(r) = -34*r**3 - 14*r**2 + 7*r + 27. Let y(a) = 5*p(a) + 6*v(a). Let i = 26 + -13. List the prime factors of y(i).
19
Let z = -745 + 342. Let t = z + 565. List the prime factors of t.
2, 3
Suppose d = 4*u + 9, -6*u + d = -5*u. Let y be (-10)/u + 42/63. Let z(f) = -f**3 + 13*f**2 - 35*f + 4. List the prime factors of z(y).
2
Let f(a) = -38*a**3 + 13*a**2 + 4*a - 33. Let u be f(-5). Suppose 19*c - 37*c + u = 0. What are the prime factors of c?
3, 31
Suppose 0*l + l = 3*v + 25, 3*l - 35 = 4*v. What are the prime factors of 9996/91 + v/(-52)?
2, 5, 11
Suppose 5*d - 466 - 272 = -3*z, 4*z + 316 = 2*d. Let i = d - 34. What are the prime factors of i?
2, 29
Let p(n) = 3 - 2 - 9*n - 2. Suppose 16 = -z + 7. What are the prime factors of p(z)?
2, 5
Suppose -79*u = 2*x - 80*u - 4301, x - 2138 = 3*u. What are the prime factors of x?
2153
Let b = 1332 + 1089. What are the prime factors of b?
3, 269
Let y(o) be the third derivative of o**5/12 + 23*o**4/24 + 4*o**3/3 - 176*o**2. What are the prime factors of y(-6)?
2, 5
What are the prime factors of 35/20 + (-17794)/(-8) + 4?
2, 5, 223
Let c(p) = 7*p**2 + 9*p + 7. Suppose 16*o + 3*o - 114 = 0. List the prime factors of c(o).
313
Let y(t) = 5*t**2 - 7. Let l(v) = -3*v**2 + 3. Let c(m) = -9*l(m) - 4*y(m). Let i be c(-1). Let w(j) = j**3 - 8*j**2 + 6*j - 4. List the prime factors of w(i).
2, 11
What are the prime factors of 110/((-258)/(-255) + -1)?
2, 5, 11, 17
Let a = 70735 - 48107. List the prime factors of a.
2, 5657
Suppose -7*a = -11*a. Suppose 0 = -a*k + 12*k + 204. Let z = k - -74. List the prime factors of z.
3, 19
Suppose -3*f + 5*m = -14800, 5*f + 24671 = 10*f - 4*m. List the prime factors of f.
3, 5, 7, 47
Let p = 30 - 26. Suppose 4*x = p*h - 156, -3*x - 4*h = x + 188. Let f = x + 57. What are the prime factors of f?
2, 7
Let i(w) = w**2 - 9*w - 10. Let j be i(-6). Let p be ((-7)/(-21))/((-2)/(-336)). Let v = p + j. List the prime factors of v.
2, 17
Suppose 3205 - 645 = -20*n. Suppose -3*f + 0*f - 180 = 0. Let l = f - n. What are the prime factors of l?
2, 17
Suppose -2*p + 6*s = s - 10563, -4*p = 2*s - 21162. What are the prime factors of p?
3, 41, 43
Let p = 1335 + 15084. What are the prime factors of p?
3, 13, 421
Let p = 82 - 29. Let y = 67 + p. List the prime factors of y.
2, 3, 5
Let f(g) = 8 - 1 - 73*g + 2 - 29*g. Suppose 12 = -v + 10. List the prime factors of f(v).
3, 71
Suppose 4*b - 320 = -4*b. Let t(c) = 22*c + b*c - 10 + 34*c. List the prime factors of t(3).
2, 139
Let p = 23193 + -23212. Let b(f) = -2*f**2 - 13*f - 22*f - 22 + f**2. List the prime factors of b(p).
2, 3, 47
Let r(w) = -2*w**3 - 3*w**2 - 2*w**2 - 3*w**2 + 20*w + 30. What are the prime factors of r(-7)?
2, 23
Let k(p) = 2*p**3 - 47*p**2 + 15*p - 25. Let d be k(26). Suppose 3*g - 1 = -16, 3*l - d = -g. What are the prime factors of l?
2, 5
Suppose 104 = 2*r + 2*c, -3*r - 2*c - 2*c = -157. Let w = 810 + r. Suppose w = 19*q - 12*q. What are the prime factors of q?
3, 41
What are the prime factors of (2214/(-205))/(2/(-2810))?
2, 3, 281
Suppose 7*h = 4*h + 69. Suppose 3*k + 1780 = h*k. List the prime factors of k.
89
Suppose -2*p - 32 = 5*r, -4*p - 2 = -5*p + 2*r. Let c be 6/((-1)/(0 - (-4)/p)). List the prime factors of 2/(-6)*(c + -52).
2
Suppose -6*g = -1433 - 10003. Suppose -558 = -7*d + g. List the prime factors of d.
2, 11
Let v be (24/16)/((-1)/(-10)) - -3. Suppose 0 = v*b - 22*b + 2456. Suppose 0 = 2*g - 6*g + 8, 4*k - b = -g. List the prime factors of k.
3, 17
Let i(a) = -25*a + 61. Let l be i(-4). Let m = -119 + l. What are the prime factors of m?
2, 3, 7
Suppose 2*s = -3*b + 6033, 0*s - 4*s = -2*b - 12074. Suppose -2*p + s = 4*x, -4*p + 5*p = 2*x - 1507. List the prime factors of x.
2, 13, 29
Suppose -9229 = -152*d - 46*d + 6603971. List the prime factors of d.
2, 5, 167
Let i be (-54)/(-9) - (-9)/3. What are the prime factors of 93*((-6)/i + 1)?
31
Let j = -1233 - -9937. What are the prime factors of j?
2, 17
Let k = -3 - -113. Let n = 414 - k. What are the prime factors of n?
2, 19
Let u be (2 - 0)/(10/3 + -3). Let a(g) = g**2 - 9*g + 22. Let s be a(u). Suppose 0 = d - 4*t - s, -2*t = -d + 14. List the prime factors of d.
2, 3
Let h = 11259 + -6494. List the prime factors of h.
5, 953
Let j = 608 - 494. Let d = 61 + j. What are the prime factors of d?
5, 7
Suppose -n + 52 = c, -3*n - 62 = 2*c - 222. Suppose -20*k = -184 - n. List the prime factors of k.
2, 3
Let g = 33 + -51. Let z be ((-170)/6)/((4 + 2)/g). Suppose 9*w = 635 + z. What are the prime factors of w?
2, 5
Let s(d) = d**3 + 14*d**2 - 34*d - 30. Let g be s(-16). Suppose g*l - 927 = -l. List the prime factors of l.
3, 103
Let w = 28 - 34. Let m be 21/28*(-16)/w. List the prime factors of ((-105)/(-14))/(1/m).
3, 5
Let s be (5 + -12)*8/(-14). Suppose -749 = -2*x + 3*h, 3*x - s*h = -x + 1504. What are the prime factors of x?
379
List the prime factors of (-21568 - -7)/(((-36)/(-16))/((-6)/4)).
2, 7187
Let i be (-636)/(-2)*(-17 - -20). Suppose 0*o + 20 = -4*o, 2*y - i = 2*o. What are the prime factors of y?
2, 59
Suppose 290396 = 111*n + 11*n - 575560. List the prime factors of n.
2, 3, 7, 13
Suppose 9*x - 49*x = 5*x - 222705. What are the prime factors of x?
7, 101
Let d = 57 + -45. Suppose -5*y + 3 = -d. Suppose 4*s + 4*m = 184, y*m + 60 = 2*s - 27. What are the prime factors of s?
3, 5
Let o be -42*(80/(-14) - (-60)/15). Let f = -27 + o. List the prime factors of f.
3, 5
Let p = -7985 + 15576. Suppose -11*x - 1453 + p = 0. What are the prime factors of x?
2, 3, 31
Let b(l) = 9*l**3 + 5*l**2 - 10*l - 16. Let t(f) = -f**3 - 42*f**2 + 86*f - 84. Let n be t(-44). List the prime factors of b(n).
2, 3, 5
Suppose 0 = -d + 3*d - 3*h - 1801, 4*h = -2*d + 1836. Suppose 915*n = d*n + 